{"id":55599,"date":"2026-08-20T14:16:23","date_gmt":"2026-08-20T12:16:23","guid":{"rendered":"https:\/\/komismadej.pl\/wp\/?post_type=product&#038;p=55599"},"modified":"2026-08-20T14:17:48","modified_gmt":"2026-08-20T12:17:48","slug":"nokia-n97-mini-2009-komis-madej-tarnow","status":"publish","type":"product","link":"https:\/\/komismadej.pl\/wp\/?product=nokia-n97-mini-2009-komis-madej-tarnow","title":{"rendered":"Nokia N97 Mini 2009 Komis Madej Tarn\u00f3w"},"content":{"rendered":"<p>Telefon kom\u00f3rkowy Nokia N97 Mini z 2009 roku. U\u017cywany, w bardzo dobrym stanie bior\u0105c pod uwag\u0119 wiek i przebieg podobnych egzemplarzy. Doskona\u0142a opcja dla mi\u0142o\u015bnik\u00f3w klasycznych modeli telefon\u00f3w kom\u00f3rkowych i kolekcjoner\u00f3w young timer\u00f3w.<br \/>\nTelefon posiada ekran dotykowy, oraz sprawn\u0105 wygodn\u0105 i zgrabn\u0105 mechaniczn\u0105 klawiatur\u0119 qwerty w uk\u0142adzie jak na zdj\u0119ciu. Klawiatura jest chowana na uchylny zawias. Dwa aparaty 5 oraz 0,3Mpx. Oparty na procesorze ARM11.<br \/>\nMenu jest w j\u0119zyku angielskim, j\u0119zyk pisowni r\u00f3wnie\u017c.<br \/>\nStan wizualny dok\u0142adnie taki jak na zdj\u0119ciach. Telefon nie posiada simlocka, dzia\u0142a natomiast w sieciach 2 i 3G. Sprawdzany na sieci Play dzia\u0142a bez problemu. Pomimo braku simlocka dzia\u0142a\u0107 jeszcze powinien w sieci Play oraz Plus do czasu wygaszenia sieci 2 i 3G na terenie Polski. P\u00f3\u017aniej mo\u017ce s\u0142u\u017cy\u0107 jako MP3 player, vintage gad\u017cet lub trafi\u0107 do kolekcji.<br \/>\nEgzemplarz posiada oryginaln\u0105 bateri\u0119 li-ion 1200mAh, kt\u00f3ra w stanie czuwania wytrzymuj\u0119 ok 2 dni, przy intensywnej zabawie czas skraca si\u0119 znacznie do kilku h lub mniej. W komplecie nie ma \u0142adowarki, telefon jest \u0142adowany z portu micro USB. Port \u0142adowania oczywi\u015bcie sprawny.<br \/>\n\u0141adnie utrzymany egzemplarz.<\/p>\n<p>Z powodu du\u017cej rotacji towaru przed przyjazdem i zakupem prosz\u0119 o kontakt w celu sprawdzenia dost\u0119pno\u015bci produktu.<\/p>\n<p>MADEJ SC KOMIS-GOT\u00d3WKA OD R\u0118KI<br \/>\nul.S\u0142oneczna 56c<br \/>\n33-100 Tarn\u00f3w<br \/>\n(obok sklepu \u017cabka ]<br \/>\nZ powodu du\u017cej ilo\u015bci klient\u00f3w kontakt w pewnych godzinach mo\u017ce by\u0107 czasami utrudniony za co przepraszamy i prosimy o kolejn\u0105 pr\u00f3b\u0119.<\/p>\n<p>Godziny otwarcia:<br \/>\nPON-SOB 08:00-20:00<br \/>\nNIEDZIELA: NIECZYNNE<br \/>\nZAPRASZAMY!<\/p>\n","protected":false},"excerpt":{"rendered":"<p>Telefon kom\u00f3rkowy Nokia N97 Mini z 2009 roku. U\u017cywany, w bardzo dobrym stanie bior\u0105c pod uwag\u0119 wiek i przebieg podobnych egzemplarzy. Doskona\u0142a opcja dla mi\u0142o\u015bnik\u00f3w klasycznych modeli telefon\u00f3w kom\u00f3rkowych i kolekcjoner\u00f3w young timer\u00f3w. Telefon posiada ekran dotykowy, oraz sprawn\u0105 wygodn\u0105 i zgrabn\u0105 mechaniczn\u0105 klawiatur\u0119 qwerty w uk\u0142adzie jak na zdj\u0119ciu. Klawiatura jest chowana na uchylny&#8230;<\/p>\n","protected":false},"featured_media":55602,"template":"","meta":{"_kad_post_transparent":"default","_kad_post_title":"","_kad_post_layout":"default","_kad_post_sidebar_id":"","_kad_post_content_style":"default","_kad_post_vertical_padding":"default","_kad_post_feature":"","_kad_post_feature_position":"","_kad_post_header":false,"_kad_post_footer":false,"_kad_post_classname":""},"product_brand":[],"product_cat":[18],"product_tag":[54,39],"class_list":["post-55599","product","type-product","status-publish","has-post-thumbnail","product_cat-elektr","product_tag-sloneczna-56c","product_tag-tarnow","first","instock","shipping-taxable","purchasable","product-type-simple","entry","content-bg","loop-entry"],"_links":{"self":[{"href":"https:\/\/komismadej.pl\/wp\/index.php?rest_route=\/wp\/v2\/product\/55599","targetHints":{"allow":["GET"]}}],"collection":[{"href":"https:\/\/komismadej.pl\/wp\/index.php?rest_route=\/wp\/v2\/product"}],"about":[{"href":"https:\/\/komismadej.pl\/wp\/index.php?rest_route=\/wp\/v2\/types\/product"}],"wp:featuredmedia":[{"embeddable":true,"href":"https:\/\/komismadej.pl\/wp\/index.php?rest_route=\/wp\/v2\/media\/55602"}],"wp:attachment":[{"href":"https:\/\/komismadej.pl\/wp\/index.php?rest_route=%2Fwp%2Fv2%2Fmedia&parent=55599"}],"wp:term":[{"taxonomy":"product_brand","embeddable":true,"href":"https:\/\/komismadej.pl\/wp\/index.php?rest_route=%2Fwp%2Fv2%2Fproduct_brand&post=55599"},{"taxonomy":"product_cat","embeddable":true,"href":"https:\/\/komismadej.pl\/wp\/index.php?rest_route=%2Fwp%2Fv2%2Fproduct_cat&post=55599"},{"taxonomy":"product_tag","embeddable":true,"href":"https:\/\/komismadej.pl\/wp\/index.php?rest_route=%2Fwp%2Fv2%2Fproduct_tag&post=55599"}],"curies":[{"name":"wp","href":"https:\/\/api.w.org\/{rel}","templated":true}]}}

Nokia N97 Mini 2009 Komis Madej Tarnów

<p>Telefon komórkowy Nokia N97 Mini z 2009 roku. Używany, w bardzo dobrym stanie biorąc pod uwagę wiek i przebieg podobnych egzemplarzy. Doskonała opcja dla miłośników klasycznych modeli telefonów komórkowych i kolekcjonerów young timerów.<br />
Telefon posiada ekran dotykowy, oraz sprawną wygodną i zgrabną mechaniczną klawiaturę qwerty w układzie jak na zdjęciu. Klawiatura jest chowana na uchylny zawias. Dwa aparaty 5 oraz 0,3Mpx. Oparty na procesorze ARM11.<br />
Menu jest w języku angielskim, język pisowni również.<br />
Stan wizualny dokładnie taki jak na zdjęciach. Telefon nie posiada simlocka, działa natomiast w sieciach 2 i 3G. Sprawdzany na sieci Play działa bez problemu. Pomimo braku simlocka działać jeszcze powinien w sieci Play oraz Plus do czasu wygaszenia sieci 2 i 3G na terenie Polski. Później może służyć jako MP3 player, vintage gadżet lub trafić do kolekcji.<br />
Egzemplarz posiada oryginalną baterię li-ion 1200mAh, która w stanie czuwania wytrzymuję ok 2 dni, przy intensywnej zabawie czas skraca się znacznie do kilku h lub mniej. W komplecie nie ma ładowarki, telefon jest ładowany z portu micro USB. Port ładowania oczywiście sprawny.<br />
Ładnie utrzymany egzemplarz.</p>
<p>Z powodu dużej rotacji towaru przed przyjazdem i zakupem proszę o kontakt w celu sprawdzenia dostępności produktu.</p>
<p>MADEJ SC KOMIS-GOTÓWKA OD RĘKI<br />
ul.Słoneczna 56c<br />
33-100 Tarnów<br />
(obok sklepu żabka ]<br />
Z powodu dużej ilości klientów kontakt w pewnych godzinach może być czasami utrudniony za co przepraszamy i prosimy o kolejną próbę.</p>
<p>Godziny otwarcia:<br />
PON-SOB 08:00-20:00<br />
NIEDZIELA: NIECZYNNE<br />
ZAPRASZAMY!</p>

<p>Telefon komórkowy Nokia N97 Mini z 2009 roku. Używany, w bardzo dobrym stanie biorąc pod uwagę wiek i przebieg podobnych egzemplarzy. Doskonała opcja dla miłośników klasycznych modeli telefonów komórkowych i kolekcjonerów young timerów. Telefon posiada ekran dotykowy, oraz sprawną wygodną i zgrabną mechaniczną klawiaturę qwerty w układzie jak na zdjęciu. Klawiatura jest chowana na uchylny&#8230;</p>
