{"id":40251,"date":"2025-11-15T15:41:48","date_gmt":"2025-11-15T14:41:48","guid":{"rendered":"https:\/\/komismadej.pl\/wp\/?post_type=product&#038;p=40251"},"modified":"2026-03-14T14:32:29","modified_gmt":"2026-03-14T13:32:29","slug":"wkretarka-akumulatorowa-makita-bdf456-komis-madej-gorlice","status":"publish","type":"product","link":"https:\/\/komismadej.pl\/wp\/?product=wkretarka-akumulatorowa-makita-bdf456-komis-madej-gorlice","title":{"rendered":"Wkr\u0119tarka Akumulatorowa Makita BDF456 * Komis Madej Gorlice"},"content":{"rendered":"<p>Sprz\u0119t u\u017cywany, w dobrym stanie wizualnym<br \/>\nSprawny technicznie<br \/>\nW zestawie z akumulatorem i \u0142adowark\u0105<\/p>\n<p>Przed przyjazdem do nas, prosimy o kontakt w celu potwierdzenia dost\u0119pno\u015bci przedmiotu- aktywne og\u0142oszenie nie oznacza, \u017ce oferta sprzeda\u017cy jest wci\u0105\u017c aktualna<\/p>\n<p>Do ka\u017cdego zakupionego przedmiotu, do\u0142\u0105czamy paragon<br \/>\nNa wyra\u017ane \u017cyczenie kupuj\u0105cego, istnieje mo\u017cliwo\u015b\u0107 wystawienia faktury ,,Procedura Mar\u017cy-Towary U\u017cywane&#8221;<\/p>\n<p>Istnieje mo\u017cliwo\u015b\u0107 wysy\u0142ki- przesy\u0142ka kurierska pobraniowa w cenie 30z\u0142<\/p>\n<p>Zapraszamy r\u00f3wnie\u017c do obejrzenia przedmiotu, oraz odbioru osobistego pod adresem:<br \/>\nMADEJ SC<br \/>\nul.Biecka 9<br \/>\n38-300 Gorlice<br \/>\n(obok GPPD Forest- naprzeciw Banku Sp\u00f3\u0142dzielczego)<br \/>\nTEL: 18 353 63 09 oraz 51*******81<\/p>\n<p>Godziny otwarcia:<br \/>\nPON-SOBOTA 8-20<br \/>\nNIEDZIELA: NIECZYNNE<br \/>\nZAPRASZAMY!<\/p>\n","protected":false},"excerpt":{"rendered":"<p>Sprz\u0119t u\u017cywany, w dobrym stanie wizualnym Sprawny technicznie W zestawie z akumulatorem i \u0142adowark\u0105 Przed przyjazdem do nas, prosimy o kontakt w celu potwierdzenia dost\u0119pno\u015bci przedmiotu- aktywne og\u0142oszenie nie oznacza, \u017ce oferta sprzeda\u017cy jest wci\u0105\u017c aktualna Do ka\u017cdego zakupionego przedmiotu, do\u0142\u0105czamy paragon Na wyra\u017ane \u017cyczenie kupuj\u0105cego, istnieje mo\u017cliwo\u015b\u0107 wystawienia faktury ,,Procedura Mar\u017cy-Towary U\u017cywane&#8221; Istnieje mo\u017cliwo\u015b\u0107&#8230;<\/p>\n","protected":false},"featured_media":40252,"template":"","meta":{"_kad_post_transparent":"default","_kad_post_title":"","_kad_post_layout":"default","_kad_post_sidebar_id":"","_kad_post_content_style":"default","_kad_post_vertical_padding":"default","_kad_post_feature":"","_kad_post_feature_position":"","_kad_post_header":false,"_kad_post_footer":false,"_kad_post_classname":""},"product_brand":[],"product_cat":[19],"product_tag":[149,89,83],"class_list":["post-40251","product","type-product","status-publish","has-post-thumbnail","product_cat-narz","product_tag-biecka-9","product_tag-gorlice","product_tag-gorlice-biecka-9","first","instock","shipping-taxable","purchasable","product-type-simple","entry","content-bg","loop-entry"],"_links":{"self":[{"href":"https:\/\/komismadej.pl\/wp\/index.php?rest_route=\/wp\/v2\/product\/40251","targetHints":{"allow":["GET"]}}],"collection":[{"href":"https:\/\/komismadej.pl\/wp\/index.php?rest_route=\/wp\/v2\/product"}],"about":[{"href":"https:\/\/komismadej.pl\/wp\/index.php?rest_route=\/wp\/v2\/types\/product"}],"wp:featuredmedia":[{"embeddable":true,"href":"https:\/\/komismadej.pl\/wp\/index.php?rest_route=\/wp\/v2\/media\/40252"}],"wp:attachment":[{"href":"https:\/\/komismadej.pl\/wp\/index.php?rest_route=%2Fwp%2Fv2%2Fmedia&parent=40251"}],"wp:term":[{"taxonomy":"product_brand","embeddable":true,"href":"https:\/\/komismadej.pl\/wp\/index.php?rest_route=%2Fwp%2Fv2%2Fproduct_brand&post=40251"},{"taxonomy":"product_cat","embeddable":true,"href":"https:\/\/komismadej.pl\/wp\/index.php?rest_route=%2Fwp%2Fv2%2Fproduct_cat&post=40251"},{"taxonomy":"product_tag","embeddable":true,"href":"https:\/\/komismadej.pl\/wp\/index.php?rest_route=%2Fwp%2Fv2%2Fproduct_tag&post=40251"}],"curies":[{"name":"wp","href":"https:\/\/api.w.org\/{rel}","templated":true}]}}

Wkrętarka Akumulatorowa Makita BDF456 * Komis Madej Gorlice

<p>Sprzęt używany, w dobrym stanie wizualnym<br />
Sprawny technicznie<br />
W zestawie z akumulatorem i ładowarką</p>
<p>Przed przyjazdem do nas, prosimy o kontakt w celu potwierdzenia dostępności przedmiotu- aktywne ogłoszenie nie oznacza, że oferta sprzedaży jest wciąż aktualna</p>
<p>Do każdego zakupionego przedmiotu, dołączamy paragon<br />
Na wyraźne życzenie kupującego, istnieje możliwość wystawienia faktury ,,Procedura Marży-Towary Używane&#8221;</p>
<p>Istnieje możliwość wysyłki- przesyłka kurierska pobraniowa w cenie 30zł</p>
<p>Zapraszamy również do obejrzenia przedmiotu, oraz odbioru osobistego pod adresem:<br />
MADEJ SC<br />
ul.Biecka 9<br />
38-300 Gorlice<br />
(obok GPPD Forest- naprzeciw Banku Spółdzielczego)<br />
TEL: 18 353 63 09 oraz 51*******81</p>
<p>Godziny otwarcia:<br />
PON-SOBOTA 8-20<br />
NIEDZIELA: NIECZYNNE<br />
ZAPRASZAMY!</p>

<p>Sprzęt używany, w dobrym stanie wizualnym Sprawny technicznie W zestawie z akumulatorem i ładowarką Przed przyjazdem do nas, prosimy o kontakt w celu potwierdzenia dostępności przedmiotu- aktywne ogłoszenie nie oznacza, że oferta sprzedaży jest wciąż aktualna Do każdego zakupionego przedmiotu, dołączamy paragon Na wyraźne życzenie kupującego, istnieje możliwość wystawienia faktury ,,Procedura Marży-Towary Używane&#8221; Istnieje możliwość&#8230;</p>
