{"id":2255,"date":"2024-07-23T09:56:03","date_gmt":"2024-07-23T07:56:03","guid":{"rendered":"https:\/\/komismadej.pl\/wp\/?post_type=product&#038;p=2255"},"modified":"2026-03-14T19:42:26","modified_gmt":"2026-03-14T18:42:26","slug":"kuchenka-elektryczna-esperanza-yellowstone-jaslo-igielna","status":"publish","type":"product","link":"https:\/\/komismadej.pl\/wp\/?product=kuchenka-elektryczna-esperanza-yellowstone-jaslo-igielna","title":{"rendered":"Kuchenka elektryczna Esperanza Yellowstone Jas\u0142o Igielna"},"content":{"rendered":"<p>Do sprzedania nowa kuchenka elektryczna Esperanza Yellowstone. Gwarancja. Kolor bia\u0142y.<\/p>\n<p>Moc 2500W (1x1500W, 1x1000W)<br \/>\n2 p\u0142yty grzewcze o \u015brednicach: 18,8 cm oraz 15.5 cm<br \/>\nWymiary zewn\u0119trzne kuchenki: 48 x 23.5 x 7 cm<br \/>\nP\u0142ynna regulacja mocy 5 stopniowa<\/p>\n<p>Mo\u017cliwa wysy\u0142ka \u2013 pobranie 27 z\u0142<\/p>\n<p>Do ka\u017cdego zakupy wystawiamy paragon, lub na \u017cyczenie klienta wystawiana jest Faktura Vat.<\/p>\n<p>Zapraszamy do naszego sklepu:<br \/>\nJas\u0142o ul.Igielna 17 a<\/p>\n<p>Tel.13*44-82*119<br \/>\npn.-pt. 8:00 &#8211; 16:00<br \/>\nsobota 9:00 &#8211; 13:00<\/p>\n","protected":false},"excerpt":{"rendered":"<p>Do sprzedania nowa kuchenka elektryczna Esperanza Yellowstone. Gwarancja. Kolor bia\u0142y. Moc 2500W (1x1500W, 1x1000W) 2 p\u0142yty grzewcze o \u015brednicach: 18,8 cm oraz 15.5 cm Wymiary zewn\u0119trzne kuchenki: 48 x 23.5 x 7 cm P\u0142ynna regulacja mocy 5 stopniowa Mo\u017cliwa wysy\u0142ka \u2013 pobranie 27 z\u0142 Do ka\u017cdego zakupy wystawiamy paragon, lub na \u017cyczenie klienta wystawiana jest&#8230;<\/p>\n","protected":false},"featured_media":2257,"template":"","meta":{"_kad_post_transparent":"default","_kad_post_title":"","_kad_post_layout":"default","_kad_post_sidebar_id":"","_kad_post_content_style":"default","_kad_post_vertical_padding":"default","_kad_post_feature":"","_kad_post_feature_position":"","_kad_post_header":false,"_kad_post_footer":false,"_kad_post_classname":""},"product_brand":[],"product_cat":[20],"product_tag":[91,90],"class_list":["post-2255","product","type-product","status-publish","has-post-thumbnail","product_cat-dio","product_tag-igielna-17a","product_tag-jaslo","first","instock","shipping-taxable","purchasable","product-type-simple","entry","content-bg","loop-entry"],"_links":{"self":[{"href":"https:\/\/komismadej.pl\/wp\/index.php?rest_route=\/wp\/v2\/product\/2255","targetHints":{"allow":["GET"]}}],"collection":[{"href":"https:\/\/komismadej.pl\/wp\/index.php?rest_route=\/wp\/v2\/product"}],"about":[{"href":"https:\/\/komismadej.pl\/wp\/index.php?rest_route=\/wp\/v2\/types\/product"}],"wp:featuredmedia":[{"embeddable":true,"href":"https:\/\/komismadej.pl\/wp\/index.php?rest_route=\/wp\/v2\/media\/2257"}],"wp:attachment":[{"href":"https:\/\/komismadej.pl\/wp\/index.php?rest_route=%2Fwp%2Fv2%2Fmedia&parent=2255"}],"wp:term":[{"taxonomy":"product_brand","embeddable":true,"href":"https:\/\/komismadej.pl\/wp\/index.php?rest_route=%2Fwp%2Fv2%2Fproduct_brand&post=2255"},{"taxonomy":"product_cat","embeddable":true,"href":"https:\/\/komismadej.pl\/wp\/index.php?rest_route=%2Fwp%2Fv2%2Fproduct_cat&post=2255"},{"taxonomy":"product_tag","embeddable":true,"href":"https:\/\/komismadej.pl\/wp\/index.php?rest_route=%2Fwp%2Fv2%2Fproduct_tag&post=2255"}],"curies":[{"name":"wp","href":"https:\/\/api.w.org\/{rel}","templated":true}]}}

Kuchenka elektryczna Esperanza Yellowstone Jasło Igielna

<p>Do sprzedania nowa kuchenka elektryczna Esperanza Yellowstone. Gwarancja. Kolor biały.</p>
<p>Moc 2500W (1x1500W, 1x1000W)<br />
2 płyty grzewcze o średnicach: 18,8 cm oraz 15.5 cm<br />
Wymiary zewnętrzne kuchenki: 48 x 23.5 x 7 cm<br />
Płynna regulacja mocy 5 stopniowa</p>
<p>Możliwa wysyłka – pobranie 27 zł</p>
<p>Do każdego zakupy wystawiamy paragon, lub na życzenie klienta wystawiana jest Faktura Vat.</p>
<p>Zapraszamy do naszego sklepu:<br />
Jasło ul.Igielna 17 a</p>
<p>Tel.13*44-82*119<br />
pn.-pt. 8:00 &#8211; 16:00<br />
sobota 9:00 &#8211; 13:00</p>

<p>Do sprzedania nowa kuchenka elektryczna Esperanza Yellowstone. Gwarancja. Kolor biały. Moc 2500W (1x1500W, 1x1000W) 2 płyty grzewcze o średnicach: 18,8 cm oraz 15.5 cm Wymiary zewnętrzne kuchenki: 48 x 23.5 x 7 cm Płynna regulacja mocy 5 stopniowa Możliwa wysyłka – pobranie 27 zł Do każdego zakupy wystawiamy paragon, lub na życzenie klienta wystawiana jest&#8230;</p>
